)/(-171))/((-1)/(-9)). What is the greatest common divisor of h and 5974?
58
Suppose -203 = -3*s - q, -21*s = -16*s - 3*q - 343. Calculate the highest common divisor of 323 and s.
17
Suppose 0 = 2*u + 3*u. Let g = 3 - u. Suppose 548 - 272 + 408 = 38*r. Calculate the highest common divisor of g and r.
3
Suppose 8*s - 867 - 878 = 5*a, a + 437 = 2*s. Let q = 63 - 19. Calculate the highest common divisor of s and q.
44
Suppose 0 = -5*t - 1173 - 582. Let a be ((88/12)/11)/((-6)/t). Calculate the highest common divisor of 195 and a.
39
Let v(m) = -3*m - 29. Let h be v(-16). Suppose -4*t + h = w - 8, -54 = -2*w + 4*t. Calculate the highest common factor of 243 and w.
27
Suppose 136*o - 804 = 124*o. What is the greatest common factor of 268 and o?
67
Let y(q) = q**2 + 16*q - 27. Let c be y(-19). Suppose 21 = 3*u - c. Let d = 34 - 0. What is the highest common factor of d and u?
17
Let s = -8 + 28. Suppose -s*w - 2*c = -15*w - 184, 0 = 2*w - 5*c - 91. Calculate the greatest common divisor of w and 76.
38
Let k(h) = -10*h + 0*h**3 - 14 + 3*h**2 - 11*h**2 - h**3. Let s be k(-7). Suppose -12*m + s = -11*m. What is the greatest common factor of m and 63?
7
Suppose 614*q - 618*q - 6064 = -5*i, -3*i - 2*q + 3656 = 0. Calculate the greatest common factor of i and 48.
16
Suppose 3*h + 145 - 144 = 4*k, -3*k + 12 = -h. Let c = -13 + 62. Calculate the greatest common divisor of c and k.
7
Let k(s) = 1682*s - 296. Let w be k(3). Calculate the highest common divisor of 50 and w.
50
Let p = -1433 - -1496. Suppose 0 = -4*b + 9*b - 45. What is the greatest common factor of p and b?
9
Let q(r) = r + 6. Let d be q(-4). Suppose -d*x - 54 + 78 = 0. Suppose -i + 36 + x = 0. What is the greatest common factor of 16 and i?
16
Let o(h) = -h**3 - 16*h**2 + 94*h + 2162. Let u be o(-18). Calculate the greatest common divisor of 104 and u.
26
Let k(x) = -x**3 + 20*x**2 + 23*x + 166. Suppose 26*m = 35*m - 189. Let s be k(m). Calculate the highest common factor of s and 8.
8
Let k be (8 - 1)*(-24)/(-14). Suppose -2*s + 24 = -k. Calculate the highest common divisor of s and 9.
9
Suppose -33*l - 176776 = -19*l - 33*l. What is the greatest common divisor of 32 and l?
8
Suppose -15*l = -8*l. Suppose 3*j + 539 = b + 72, l = 5*b - 2*j - 2270. Suppose b = 18*q - 1078. Calculate the greatest common divisor of q and 17.
17
Suppose 22*n - 26*n + 12 = 0. Let c be ((-2432)/(-2))/(n/(-39)*-13). What is the greatest common factor of c and 38?
38
Suppose -4*d - 4*a + 3832 = 0, -2873 = -3*d + 134*a - 136*a. Calculate the highest common factor of d and 121.
11
Suppose 0 = -w - 5*b + 22330, 32*b - 44606 = -2*w + 31*b. What is the greatest common factor of w and 100?
100
Let g be (-4658)/18 - 5/(135/6). Let f = g + 282. Calculate the highest common factor of 184 and f.
23
Suppose 2*u = -n + 2674, -13*n + 12*n + 2662 = -4*u. What is the highest common factor of 30 and n?
30
Let i(d) = 2*d**2 - d - 5. Let b be i(-5). Let s be ((-10)/(-4))/(((-49)/(-140))/7). Calculate the highest common divisor of b and s.
50
Suppose 5*o - 3*x - x = 739, 0 = 4*o - 4*x - 592. Let u = o + -138. Calculate the greatest common divisor of u and 36.
9
Let g = -20 - -23. Suppose g*o - 16*o = -910. Calculate the greatest common divisor of 14 and o.
14
Let q = 946 - 2542. Let y be (q/(-3))/(-14 + 16). What is the greatest common divisor of y and 70?
14
Suppose -3*l = -f + 93, 4*f - 82 = 4*l + 50. Let m be ((-75)/(-4))/(15/40). Let x = l + m. Calculate the highest common factor of 5 and x.
5
Suppose -37*d - 20 = -42*d. Suppose -5*n - 136 = -d*a, 9*a - 5*a - 2*n - 124 = 0. What is the greatest common divisor of a and 145?
29
Let t = -117 - -159. Suppose 80 - 18 = 2*d. Suppose 2*w + 2*h = -h + d, 0 = -3*h + 3. What is the highest common divisor of t and w?
14
Suppose 0 = 4*p - 2*v - 2, -2*v = -3*p + 3 - 1. Suppose 2*c = -2, p = -7*q + 4*q - 2*c + 106. What is the greatest common divisor of q and 144?
36
Suppose 3*i + 39*s - 40*s = 44, -6*s = -3*i + 54. What is the highest common divisor of i and 2086?
14
Suppose 139*h = 142*h. Suppose -16*n + 8*n + 2376 = h. What is the greatest common divisor of 11 and n?
11
Let y = -6 + 10. Let s = -1645 - -1652. Suppose -y*n - 384 = -s*n. Calculate the greatest common divisor of n and 16.
16
Let p = 2923 - 2875. What is the greatest common factor of p and 888?
24
Suppose 0 = -132*g - 360018 + 1875510. Calculate the greatest common factor of g and 534.
267
Suppose -2*x - 42*j + 46*j + 12424 = 0, 5*x = -12*j + 31214. What is the highest common divisor of 44 and x?
22
Suppose -j + 5*r - 129 = -529, -5*j + r = -1952. What is the highest common factor of 4030 and j?
130
Let q = -22 + 37. Let k(d) = 28 + 4*d**2 + 194*d**3 - 18*d - 193*d**3 + 12*d**2. Let c be k(-17). What is the highest common factor of q and c?
15
Suppose 0 = 188*f - 161*f - 3645. What is the highest common divisor of 6723 and f?
27
Suppose 34*p - 3517 = 4881. What is the highest common divisor of 24700 and p?
247
Let u(s) = s**3 - 9*s**2 + 2*s - 2. Let d be u(9). Suppose 0 = 1352*k - 1353*k + 6. What is the greatest common divisor of d and k?
2
Let b = 6527 - 6373. Calculate the highest common factor of b and 952.
14
Let y(t) = -t**2 - 126*t - 688. Let i be y(-6). Suppose -2*f + 6 = 2. What is the highest common factor of f and i?
2
Suppose -134*p + 131*p + 108 = 0. Suppose -21*l + 10*l + 22 = 0. Let k be 125 - ((-8)/16 + l/(-4)). Calculate the highest common divisor of p and k.
18
Let p = 1727 - 1661. Calculate the greatest common divisor of 4202 and p.
22
Let f(z) = -4*z**2 + 8*z + 15. Let c be f(7). Let u = 185 + c. Calculate the greatest common divisor of 810 and u.
30
Suppose 8*r + 90 = 17*r. Let t(f) = 9*f + 29. Let c be t(r). Calculate the highest common factor of c and 21.
7
Let q(h) = -h**2 - 5*h + 9. Let b = -24 + 18. Let v be q(b). Suppose -14 = i - 4*u, 5*i = 3*i - 5*u + 24. What is the greatest common divisor of i and v?
1
Let w(x) = 21*x**2 - 10*x - 23. Let k be w(-2). What is the greatest common factor of 378 and k?
27
Let z be (-360)/(-12) + -11 + 9. What is the highest common divisor of 4564 and z?
28
Let c(t) = t**3 + 4*t**2 - 6*t + 3. Let h(x) = 3*x - 26. Let a be h(7). Let y be c(a). Let l = -202 - -266. Calculate the greatest common divisor of l and y.
8
Suppose -5*a + 3*m + 44 - 319 = 0, 4*a - m + 220 = 0. Let r be 123/(-5) + (-33)/a. Let q be 35/14*r/(-5). Calculate the greatest common divisor of q and 84.
12
Suppose 7*v - 187 = 3089. Suppose 5*l - 303 = 15*z - 18*z, 5*z = 4*l + v. Suppose -4*x + 60 = x. Calculate the highest common divisor of x and z.
12
Suppose -4*m + 108 = -m. Let g = 977 + -974. Suppose 2*u - g*u + 5*x = -m, -4*u + 2*x = -198. Calculate the greatest common factor of 34 and u.
17
Let n be 19447*2/8 + (-23)/(2392/(-26)). What is the highest common divisor of 26 and n?
26
Let g = -2 - -4. Let o = 50 - 50. Suppose o*z - z - 18 = -4*b, -g*z + 4 = 0. What is the greatest common factor of b and 2?
1
Suppose 5 = -b + 5*d, -15 = -b - 3*d + 20. What is the highest common divisor of 695 and b?
5
Let f(j) = 40*j - 4. Let i be f(-2). Let m be (-13)/(-3) + -7*8/i. Suppose 336 + 189 = m*h. Calculate the highest common divisor of h and 21.
21
Let d(z) = -36*z**2 + 7*z + 4. Let y(m) = -36*m**2 + 8*m + 4. Let j(t) = -3*d(t) + 2*y(t). Let r be j(-2). What is the greatest common factor of 3 and r?
3
Let v(m) = m**2 - 44*m + 640. Let z be v(13). What is the greatest common divisor of z and 30336?
237
Let s(b) = -b**2 - 6*b + 20. Let d be s(-8). Suppose -d*c = -4*o - 932, 5*o = c - 173 - 64. What is the highest common divisor of 32 and c?
8
Suppose 30040 = 94*n - 344*n + 224040. Calculate the highest common factor of 12998 and n.
194
Suppose 0 = -14*v - 8*v + 11*v + 26103. What is the highest common divisor of 226 and v?
113
Let n(w) = w**2 - 43*w + 355. Let s be n(32). What is the highest common divisor of s and 202?
1
Let t be (1173/(-46))/((-6)/44). Let s = t - -85. What is the greatest common divisor of s and 68?
68
Let m be (-4)/(4*-1) - (-12)/6. Suppose -d - m*q = d - 34, -d + 5*q = -43. What is the greatest common factor of 115 and d?
23
Let r(h) = -9*h + 242. Let k be r(27). Let z be (34 + -31)/(k/(-79)). What is the greatest common divisor of 158 and z?
79
Suppose 0 = -129*q + 1997 + 92947. What i